182 (base 10) in base 4?
2312
Convert 16aa (base 11) to base 15.
9a2
Convert -57477 (base 9) to base 13.
-14584
What is -826 (base 13) in base 9?
-1807
Convert -136 (base 15) to base 10.
-276
What is 10001101 (base 2) in base 6?
353
Convert -101111 (base 5) to base 9.
-4445
What is -151 (base 13) in base 15?
-10a
What is -1001010011 (base 2) in base 14?
-307
11b4 (base 13) to base 11
1985
Convert 1112320 (base 4) to base 7.
22132
What is 2527 (base 11) in base 12?
1aa8
144102 (base 6) to base 7
55262
What is 25a9 (base 13) in base 16?
1502
2211 (base 5) to base 6
1230
Convert 20132 (base 4) to base 3.
202002
What is -78622 (base 9) in base 14?
-15093
What is -1200 (base 3) in base 11?
-41
What is 2432 (base 10) in base 11?
1911
Convert 574 (base 13) to base 16.
3ac
What is 5054 (base 9) in base 7?
13525
20100302 (base 4) to base 2
1000010000110010
5a39 (base 12) to base 13
47bb
What is 45200 (base 6) in base 5?
200321
What is -10d2 (base 15) in base 11?
-2758
What is 47c (base 13) in base 9?
1055
What is 37b (base 16) in base 5?
12031
1020201001 (base 3) to base 4
11333323
Convert 32462 (base 8) to base 3.
200200101
698 (base 14) to base 16
51e
Convert -12560 (base 13) to base 6.
-420502
Convert 10001111 (base 2) to base 13.
b0
What is -a75 (base 14) in base 8?
-4017
Convert 110121201 (base 3) to base 6.
110331
887 (base 9) to base 4
23113
What is -51 (base 16) in base 12?
-69
Convert b785 (base 14) to base 9.
47402
6422 (base 7) to base 15
a15
What is 360a (base 11) in base 12?
28a1
What is 3a6 (base 12) in base 15?
273
What is -606 (base 7) in base 10?
-300
What is -513 (base 8) in base 2?
-101001011
Convert -1389 (base 12) to base 10.
-2265
210 (base 5) to base 11
50
What is 1ab8 (base 13) in base 4?
333012
4511 (base 10) to base 3
20012002
What is 345 (base 16) in base 15?
3ac
What is 380 (base 12) in base 7?
1353
Convert 5d6 (base 16) to base 7.
4233
-1eff (base 16) to base 7
-32064
Convert 9a14 (base 13) to base 3.
1002110120
Convert 18486 (base 11) to base 16.
650b
Convert 1122 (base 16) to base 13.
1cc5
-321031 (base 5) to base 13
-4b92
What is 30330 (base 12) in base 11?
430a9
Convert -250 (base 6) to base 13.
-7b
10101010000011 (base 2) to base 15
3358
Convert 223141 (base 5) to base 10.
7921
What is -4023 (base 8) in base 9?
-2746
-4caa (base 16) to base 10
-19626
What is -112021 (base 5) in base 7?
-14460
Convert -2613 (base 7) to base 2.
-1111011110
Convert -49b (base 14) to base 10.
-921
4016 (base 9) to base 6
21323
What is -25514 (base 8) in base 2?
-10101101001100
What is 30616 (base 9) in base 10?
20184
Convert -33003 (base 6) to base 15.
-1529
What is 2c56 (base 15) in base 12?
5623
What is -2001 (base 7) in base 16?
-2af
-757 (base 8) to base 16
-1ef
Convert -1295 (base 14) to base 10.
-3267
What is -232301 (base 4) in base 7?
-11504
42320 (base 5) to base 12
1783
What is -9b8b (base 16) in base 10?
-39819
Convert -203032 (base 4) to base 16.
-8ce
What is 302131 (base 5) in base 6?
112430
Convert -123222 (base 7) to base 4.
-11203200
What is -a00 (base 12) in base 8?
-2640
What is -1587 (base 10) in base 6?
-11203
-cb (base 14) to base 13
-10a
44431 (base 5) to base 15
dcb
-a00 (base 13) to base 11
-12a7
What is -103032 (base 5) in base 9?
-4737
56 (base 14) to base 3
2211
What is -440024 (base 5) in base 14?
-5686
Convert -111101000 (base 2) to base 11.
-404
206 (base 11) to base 7
503
What is -101675 (base 9) in base 5?
-3412312
-4741 (base 10) to base 8
-11205
Convert -11222 (base 4) to base 2.
-101101010
Convert -45e (base 16) to base 3.
-1112102
110001101 (base 2) to base 16
18d
What is -2b0 (base 12) in base 5?
-3140
166437 (base 8) to base 9
102237
What is -117 (base 13) in base 8?
-275
Convert -133022 (base 4) to base 13.
-ba5
What is 72641 (base 8) in base 14?
ad8d
What is -1568 (base 9) in base 15?
-54b
Convert 72660 (base 10) to base 5.
4311120
What is 6863 (base 16) in base 6?
323415
What is 4d9 (base 14) in base 8?
1717
Convert 2292 (base 11) to base 5.
44010
1f8 (base 16) to base 12
360
Convert 20102122 (base 3) to base 13.
2198
Convert 520 (base 13) to base 3.
1012021
-528 (base 9) to base 8
-657
Convert -2113310 (base 4) to base 9.
-14285
-172e5 (base 15) to base 9
-123678
2134 (base 10) to base 12
129a
What is 12432 (base 5) in base 12?
6a8
Convert 551 (base 12) to base 4.
30031
Convert -2043 (base 6) to base 12.
-323
Convert -110101 (base 3) to base 16.
-14e
Convert -398 (base 10) to base 9.
-482
Convert 26352 (base 7) to base 2.
1101110000100
What is -397e (base 15) in base 12?
-7125
Convert -33041 (base 6) to base 8.
-10721
What is -96 (base 13) in base 11?
-102
13043 (base 7) to base 2
110110000101
7a0 (base 15) to base 14
8b3
What is -429 (base 11) in base 14?
-28b
Convert 4465 (base 7) to base 10.
1615
-576b (base 15) to base 5
-1043201
Convert -3303231 (base 4) to base 7.
-63321
Convert 10321123 (base 4) to base 11.
14086
What is 465 (base 9) in base 12?
27b
-10212 (base 3) to base 9
-125
Convert 535 (base 9) to base 10.
437
What is 2230342 (base 5) in base 15?
ba67
a26 (base 11) to base 7
3416
Convert -21 (base 11) to base 9.
-25
-200 (base 11) to base 16
-f2
1211320 (base 4) to base 9
8844
What is 374 (base 8) in base 7?
510
698 (base 10) to base 6
3122
Convert -3121103 (base 4) to base 12.
-806b
What is -1101001121 (base 3) in base 12?
-13774
Convert 568 (base 10) to base 5.
4233
What is 4114021 (base 5) in base 12?
32775
Convert 1133132 (base 4) to base 14.
2326
25225 (base 6) to base 3
12011022
Convert 2022 (base 5) to base 12.
19a
What is -3185 (base 14) in base 6?
-103321
What is 2414 (base 6) in base 15?
291
What is -231443 (base 5) in base 6?
-102433
44c (base 15) to base 5
12342
What is 62069 (base 11) in base 4?
112013113
What is 105613 (base 7) in base 10?
18826
Convert 724 (base 12) to base 8.
2014
Convert -10706 (base 9) to base 8.
-15736
50100 (base 6) to base 15
1de6
Convert -2020022121 (base 3) to base 15.
-d067
What is -383 (base 16) in base 3?
-1020022
-18221 (base 10) to base 16
-472d
-3315 (base 6) to base 4
-23333
Convert 12245 (base 6) to base 7.
5222
Convert -33113 (base 4) to base 5.
-12413
-29a (base 14) to base 6
-2240
-1222133 (base 4) to base 11
-5136
-679 (base 11) to base 7
-2240
2a3 (base 13) to base 8
727
2660 (base 7) to base 15
482
Convert -2213211 (base 4) to base 10.
-10725
Convert -403235 (base 6) to base 3.
-1121200112
What is 255121 (base 6) in base 14?
8625
What is 2345 (base 15) in base 5?
214430
-16376 (base 9) to base 5
-324442
33074 (base 8) to base 6
144140
-1002011 (base 3) to base 5
-11122
221010122 (base 3) to base 10
18323
13335 (base 12) to base 9
40175
What is 619 (base 10) in base 12?
437
Convert 30 (base 12) to base 14.
28
Convert 227d (base 15) to base 5.
213233
Convert -10000111010 (base 2) to base 16.
-43a
7977 (base 10) to base 2
1111100101001
2202110 (base 3) to base 16
7da
1133340 (base 6) to base 12
2a250
Convert -101526 (base 7) to base 3.
-212220000
102152 (base 7) to base 2
100010010101011
-21010202 (base 3) to base 8
-12124
Convert -500142 (base 6) to base 5.
-2221232
What is -111232 (base 4) in base 5?
-21030
What is 882c (base 13) in base 3?
222000110
What is 111200 (base 5) in base 11?
2a49
What is 15d (base 15) in base 9?
377
What is 6d (base 16) in base 13?
85
723 (base 11) to base 13
521
What is -116 (base 12) in base 6?
-430
Convert -3100132 (base 4) to base 9.
-20264
-1569 (base 14) to base 9
-5211
Convert 1602 (base 7) to base 3.
212200
Convert 2132304 (base 5) to base 9.
55153
What is 216230 (base 7) in base 5?
2210232
Convert 19c9 (base 14) to base 8.
11115
What is -275 (base 11) in base 16?
-144
-e31 (base 16) to base 10
-3633
What is -1263 (base 9) in base 6?
-4220
Convert -5645 (base 9) to base 12.
-24b8
What is -5a4 (base 11) in base 5?
-10334
Convert -112300 (base 4) to base 12.
-a14
-226655 (base 7) to base 16
-9f68
Convert 131 (base 12) to base 9.
221
Convert -593 (base 16) to base 4.
-112103
What is -3431 (base 5) in base 4?
-13223
-294e (base 16) to base 6
-120542
Convert 182 (base 14) to base 8.
466
What is 5205 (base 7) in base 6?
12230
a1 (base 14) to base 3
12020
Convert -2034 (base 8) to base 13.
-62c
What is -210430 (base 6) in base 13?
-7986
Convert 1200020 (base 3) to base 16.
4c5
13006 (base 9) to base 